24.82.200.161 - - [26/Jun/2005:04:32:11 -0400] "GET / HTTP/1.1" 200 6473 "http://www.writerspace.com/" "Mozilla/5.0 (Windows; U; Windows NT 5.0; en-US; rv:1.7.2) Gecko/20040804 Netscape/7.2 (ax)"
24.82.200.161 - - [26/Jun/2005:04:32:11 -0400] "GET /favicon.ico HTTP/1.1" 404 290 "-" "Mozilla/5.0 (Windows; U; Windows NT 5.0; en-US; rv:1.7.2) Gecko/20040804 Netscape/7.2 (ax)"
24.82.200.161 - - [26/Jun/2005:04:32:11 -0400] "GET /logo%20web.gif HTTP/1.1" 200 7989 "http://slpromotions.com/" "Mozilla/5.0 (Windows; U; Windows NT 5.0; en-US; rv:1.7.2) Gecko/20040804 Netscape/7.2 (ax)"
24.82.200.161 - - [26/Jun/2005:04:32:12 -0400] "GET /daisy.gif HTTP/1.1" 200 19368 "http://slpromotions.com/" "Mozilla/5.0 (Windows; U; Windows NT 5.0; en-US; rv:1.7.2) Gecko/20040804 Netscape/7.2 (ax)"
24.82.200.161 - - [26/Jun/2005:04:32:12 -0400] "GET /button.gif HTTP/1.1" 200 7682 "http://slpromotions.com/" "Mozilla/5.0 (Windows; U; Windows NT 5.0; en-US; rv:1.7.2) Gecko/20040804 Netscape/7.2 (ax)"
24.82.200.161 - - [26/Jun/2005:04:32:13 -0400] "GET /deannayellow.gif HTTP/1.1" 200 67463 "http://slpromotions.com/" "Mozilla/5.0 (Windows; U; Windows NT 5.0; en-US; rv:1.7.2) Gecko/20040804 Netscape/7.2 (ax)"
207.46.98.134 - - [26/Jun/2005:04:40:11 -0400] "GET /robots.txt HTTP/1.0" 404 277 "-" "msnbot/1.0 (+http://search.msn.com/msnbot.htm)"
207.46.98.134 - - [26/Jun/2005:04:40:11 -0400] "GET / HTTP/1.0" 200 6453 "-" "msnbot/1.0 (+http://search.msn.com/msnbot.htm)"
24.177.134.6 - - [26/Jun/2005:06:12:12 -0400] "GET /sales%20page/salesspring.html HTTP/1.0" 200 3946 "-" "aipbot/1.0 (aipbot; http://www.aipbot.com; aipbot@aipbot.com)"
68.142.251.148 - - [26/Jun/2005:06:45:44 -0400] "GET /robots.txt HTTP/1.0" 404 277 "-" "Mozilla/5.0 (compatible; Yahoo! Slurp; http://help.yahoo.com/help/us/ysearch/slurp)"
68.142.251.47 - - [26/Jun/2005:06:45:44 -0400] "GET /info%20page/about.html HTTP/1.0" 200 7662 "-" "Mozilla/5.0 (compatible; Yahoo! Slurp; http://help.yahoo.com/help/us/ysearch/slurp)"
81.10.139.227 - - [26/Jun/2005:07:00:22 -0400] "GET / HTTP/1.1" 200 6473 "-" "Mozilla/4.0 (compatible; MSIE 6.0; Windows 98)"
207.46.98.134 - - [26/Jun/2005:07:04:59 -0400] "GET /indexnew.html HTTP/1.0" 404 280 "-" "msnbot/1.0 (+http://search.msn.com/msnbot.htm)"
65.214.44.185 - - [26/Jun/2005:07:10:11 -0400] "GET /robots.txt HTTP/1.0" 404 277 "-" "Mozilla/2.0 (compatible; Ask Jeeves/Teoma)"
65.214.44.185 - - [26/Jun/2005:07:10:22 -0400] "GET / HTTP/1.0" 200 6453 "-" "Mozilla/2.0 (compatible; Ask Jeeves/Teoma)"
66.194.6.3 - - [26/Jun/2005:07:39:38 -0400] "GET / HTTP/1.1" 200 6473 "-" "Mozilla/4.0 (compatible; MSIE 6.0; Windows NT 5.1; Q312462)"
68.142.251.148 - - [26/Jun/2005:08:23:11 -0400] "GET /robots.txt HTTP/1.0" 404 277 "-" "Mozilla/5.0 (compatible; Yahoo! Slurp; http://help.yahoo.com/help/us/ysearch/slurp)"
68.142.249.138 - - [26/Jun/2005:08:23:12 -0400] "GET /sales%20page/key%20tags/keytagsapril.html HTTP/1.0" 200 9470 "-" "Mozilla/5.0 (compatible; Yahoo! Slurp; http://help.yahoo.com/help/us/ysearch/slurp)"
68.142.251.148 - - [26/Jun/2005:10:51:27 -0400] "GET /robots.txt HTTP/1.0" 404 277 "-" "Mozilla/5.0 (compatible; Yahoo! Slurp; http://help.yahoo.com/help/us/ysearch/slurp)"
68.142.251.139 - - [26/Jun/2005:10:51:27 -0400] "GET /indexnew.html HTTP/1.0" 404 280 "-" "Mozilla/5.0 (compatible; Yahoo! Slurp; http://help.yahoo.com/help/us/ysearch/slurp)"
68.142.251.148 - - [26/Jun/2005:12:09:46 -0400] "GET /robots.txt HTTP/1.0" 404 277 "-" "Mozilla/5.0 (compatible; Yahoo! Slurp; http://help.yahoo.com/help/us/ysearch/slurp)"
68.142.249.49 - - [26/Jun/2005:12:09:46 -0400] "GET /ceramics%20page/ceramics.html HTTP/1.0" 200 7690 "-" "Mozilla/5.0 (compatible; Yahoo! Slurp; http://help.yahoo.com/help/us/ysearch/slurp)"
68.142.251.148 - - [26/Jun/2005:13:02:30 -0400] "GET /robots.txt HTTP/1.0" 404 277 "-" "Mozilla/5.0 (compatible; Yahoo! Slurp; http://help.yahoo.com/help/us/ysearch/slurp)"
68.142.251.116 - - [26/Jun/2005:13:02:30 -0400] "GET /buttons%20page/Button%20Samples/lg%20buttons/knight.html HTTP/1.0" 200 1369 "-" "Mozilla/5.0 (compatible; Yahoo! Slurp; http://help.yahoo.com/help/us/ysearch/slurp)"
68.142.249.85 - - [26/Jun/2005:13:22:45 -0400] "GET /buttons%20page/Button%20Samples/lg%20buttons/dusk.html HTTP/1.0" 200 1319 "-" "Mozilla/5.0 (compatible; Yahoo! Slurp; http://help.yahoo.com/help/us/ysearch/slurp)"
65.19.150.208 - - [26/Jun/2005:15:56:55 -0400] "GET / HTTP/1.1" 200 6473 "-" "OmniExplorer_Bot/1.09 (+http://www.omni-explorer.com)"
68.142.251.148 - - [26/Jun/2005:16:35:13 -0400] "GET /robots.txt HTTP/1.0" 404 277 "-" "Mozilla/5.0 (compatible; Yahoo! Slurp; http://help.yahoo.com/help/us/ysearch/slurp)"
68.142.251.60 - - [26/Jun/2005:16:35:13 -0400] "GET /order%20page/orderinfo.html HTTP/1.0" 200 3406 "-" "Mozilla/5.0 (compatible; Yahoo! Slurp; http://help.yahoo.com/help/us/ysearch/slurp)"
207.46.98.134 - - [26/Jun/2005:17:00:25 -0400] "GET /robots.txt HTTP/1.0" 404 277 "-" "msnbot/1.0 (+http://search.msn.com/msnbot.htm)"
207.46.98.134 - - [26/Jun/2005:17:00:25 -0400] "GET /indexnew.html HTTP/1.0" 404 280 "-" "msnbot/1.0 (+http://search.msn.com/msnbot.htm)"
84.190.233.127 - - [26/Jun/2005:20:28:13 -0400] "GET / HTTP/1.1" 200 6473 "-" "Mozilla/4.0 (compatible; MSIE 5.0; Windows NT; DigExt; DTS Agent"
68.142.251.146 - - [26/Jun/2005:22:32:26 -0400] "GET /robots.txt HTTP/1.0" 404 277 "-" "Mozilla/5.0 (compatible; Yahoo! Slurp; http://help.yahoo.com/help/us/ysearch/slurp)"
68.142.249.72 - - [26/Jun/2005:22:32:26 -0400] "GET /buttons%20page/button%20new.html HTTP/1.0" 404 295 "-" "Mozilla/5.0 (compatible; Yahoo! Slurp; http://help.yahoo.com/help/us/ysearch/slurp)"
66.249.71.3 - - [26/Jun/2005:23:11:31 -0400] "GET /robots.txt HTTP/1.0" 404 277 "-" "Googlebot/2.1 (+http://www.google.com/bot.html)"
66.249.71.3 - - [26/Jun/2005:23:11:34 -0400] "GET / HTTP/1.0" 200 6453 "-" "Googlebot/2.1 (+http://www.google.com/bot.html)"
68.142.251.146 - - [27/Jun/2005:00:03:45 -0400] "GET /robots.txt HTTP/1.0" 404 277 "-" "Mozilla/5.0 (compatible; Yahoo! Slurp; http://help.yahoo.com/help/us/ysearch/slurp)"
68.142.249.120 - - [27/Jun/2005:00:03:45 -0400] "GET /buttons%20page/Button%20Samples/lg%20buttons/bookdies.html HTTP/1.0" 200 1383 "-" "Mozilla/5.0 (compatible; Yahoo! Slurp; http://help.yahoo.com/help/us/ysearch/slurp)"
68.60.217.218 - - [27/Jun/2005:01:01:16 -0400] "GET / HTTP/1.1" 200 6473 "-" "Mozilla/5.0 (Windows; U; Windows NT 5.1; en-US; rv:1.7.5) Gecko/20050308 Firefox/0.9.6"
68.60.217.218 - - [27/Jun/2005:01:01:16 -0400] "GET /logo%20web.gif HTTP/1.1" 200 7989 "http://www.slpromotions.com/" "Mozilla/5.0 (Windows; U; Windows NT 5.1; en-US; rv:1.7.5) Gecko/20050308 Firefox/0.9.6"
68.60.217.218 - - [27/Jun/2005:01:01:16 -0400] "GET /daisy.gif HTTP/1.1" 200 19368 "http://www.slpromotions.com/" "Mozilla/5.0 (Windows; U; Windows NT 5.1; en-US; rv:1.7.5) Gecko/20050308 Firefox/0.9.6"
68.60.217.218 - - [27/Jun/2005:01:01:16 -0400] "GET /button.gif HTTP/1.1" 200 7682 "http://www.slpromotions.com/" "Mozilla/5.0 (Windows; U; Windows NT 5.1; en-US; rv:1.7.5) Gecko/20050308 Firefox/0.9.6"
68.60.217.218 - - [27/Jun/2005:01:01:17 -0400] "GET /deannayellow.gif HTTP/1.1" 200 67463 "http://www.slpromotions.com/" "Mozilla/5.0 (Windows; U; Windows NT 5.1; en-US; rv:1.7.5) Gecko/20050308 Firefox/0.9.6"
68.60.217.218 - - [27/Jun/2005:01:01:17 -0400] "GET /favicon.ico HTTP/1.1" 404 290 "-" "Mozilla/5.0 (Windows; U; Windows NT 5.1; en-US; rv:1.7.5) Gecko/20050308 Firefox/0.9.6"
68.60.217.218 - - [27/Jun/2005:01:01:17 -0400] "GET /favicon.ico HTTP/1.1" 404 290 "-" "Mozilla/5.0 (Windows; U; Windows NT 5.1; en-US; rv:1.7.5) Gecko/20050308 Firefox/0.9.6"
68.60.217.218 - - [27/Jun/2005:01:06:47 -0400] "GET / HTTP/1.1" 200 6473 "-" "Mozilla/5.0 (Windows; U; Windows NT 5.1; en-US; rv:1.7.5) Gecko/20050308 Firefox/0.9.6"
68.60.217.218 - - [27/Jun/2005:01:06:48 -0400] "GET /favicon.ico HTTP/1.1" 404 290 "-" "Mozilla/5.0 (Windows; U; Windows NT 5.1; en-US; rv:1.7.5) Gecko/20050308 Firefox/0.9.6"
68.60.217.218 - - [27/Jun/2005:01:06:48 -0400] "GET /favicon.ico HTTP/1.1" 404 290 "-" "Mozilla/5.0 (Windows; U; Windows NT 5.1; en-US; rv:1.7.5) Gecko/20050308 Firefox/0.9.6"
66.249.64.37 - - [27/Jun/2005:01:30:05 -0400] "GET /robots.txt HTTP/1.0" 404 277 "-" "Googlebot/2.1 (+http://www.google.com/bot.html)"
66.249.64.37 - - [27/Jun/2005:01:30:06 -0400] "GET /order%20page/orderinfo.html HTTP/1.0" 200 3406 "-" "Googlebot/2.1 (+http://www.google.com/bot.html)"
68.142.251.146 - - [27/Jun/2005:03:27:01 -0400] "GET /robots.txt HTTP/1.0" 404 277 "-" "Mozilla/5.0 (compatible; Yahoo! Slurp; http://help.yahoo.com/help/us/ysearch/slurp)"
68.142.249.124 - - [27/Jun/2005:03:27:01 -0400] "GET /catalog%20page/imprinting%20page/imprinting.html HTTP/1.0" 404 311 "-" "Mozilla/5.0 (compatible; Yahoo! Slurp; http://help.yahoo.com/help/us/ysearch/slurp)"
66.249.65.207 - - [27/Jun/2005:03:27:57 -0400] "GET /robots.txt HTTP/1.1" 404 289 "-" "Mozilla/5.0 (compatible; Googlebot/2.1; +http://www.google.com/bot.html)"
66.249.65.207 - - [27/Jun/2005:03:27:57 -0400] "GET /buttons%20page/Button%20Samples/lg%20buttons/lair.html HTTP/1.1" 200 1330 "-" "Mozilla/5.0 (compatible; Googlebot/2.1; +http://www.google.com/bot.html)"
66.249.65.207 - - [27/Jun/2005:03:28:01 -0400] "GET /buttons%20page/Button%20Samples/lg%20buttons/wolf.html HTTP/1.1" 200 1340 "-" "Mozilla/5.0 (compatible; Googlebot/2.1; +http://www.google.com/bot.html)"
68.142.249.141 - - [27/Jun/2005:03:46:45 -0400] "GET /buttons%20page/Button%20Samples/lg%20buttons/flower.html HTTP/1.0" 200 1323 "-" "Mozilla/5.0 (compatible; Yahoo! Slurp; http://help.yahoo.com/help/us/ysearch/slurp)"
62.37.217.240 - - [27/Jun/2005:06:27:34 -0400] "GET / HTTP/1.0" 200 6453 "-" "Mozilla/4.0 (compatible; MSIE 6.0; Windows NT 5.0)"
68.142.251.146 - - [27/Jun/2005:06:45:51 -0400] "GET /robots.txt HTTP/1.0" 404 277 "-" "Mozilla/5.0 (compatible; Yahoo! Slurp; http://help.yahoo.com/help/us/ysearch/slurp)"
68.142.250.87 - - [27/Jun/2005:06:45:51 -0400] "GET /stock%20page/stock.html HTTP/1.0" 200 7416 "-" "Mozilla/5.0 (compatible; Yahoo! Slurp; http://help.yahoo.com/help/us/ysearch/slurp)"
65.214.44.185 - - [27/Jun/2005:07:16:04 -0400] "GET /robots.txt HTTP/1.0" 404 277 "-" "Mozilla/2.0 (compatible; Ask Jeeves/Teoma)"
65.214.44.185 - - [27/Jun/2005:07:16:23 -0400] "GET / HTTP/1.0" 200 6453 "-" "Mozilla/2.0 (compatible; Ask Jeeves/Teoma)"
70.95.50.42 - - [27/Jun/2005:12:41:13 -0400] "GET / HTTP/1.1" 200 6473 "http://www.google.com/search?q=sublimated+tiles+&hl=en&lr=&start=10&sa=N" "Mozilla/4.0 (compatible; MSIE 6.0; Windows NT 5.1; SV1)"
70.95.50.42 - - [27/Jun/2005:12:41:13 -0400] "GET /logo%20web.gif HTTP/1.1" 200 7989 "http://slpromotions.com/" "Mozilla/4.0 (compatible; MSIE 6.0; Windows NT 5.1; SV1)"
70.95.50.42 - - [27/Jun/2005:12:41:14 -0400] "GET /daisy.gif HTTP/1.1" 200 19368 "http://slpromotions.com/" "Mozilla/4.0 (compatible; MSIE 6.0; Windows NT 5.1; SV1)"
70.95.50.42 - - [27/Jun/2005:12:41:14 -0400] "GET /button.gif HTTP/1.1" 200 7682 "http://slpromotions.com/" "Mozilla/4.0 (compatible; MSIE 6.0; Windows NT 5.1; SV1)"
70.95.50.42 - - [27/Jun/2005:12:41:15 -0400] "GET /deannayellow.gif HTTP/1.1" 200 67463 "http://slpromotions.com/" "Mozilla/4.0 (compatible; MSIE 6.0; Windows NT 5.1; SV1)"
70.95.50.42 - - [27/Jun/2005:12:41:29 -0400] "GET /order%20page/orderinfo.html HTTP/1.1" 200 3418 "http://slpromotions.com/" "Mozilla/4.0 (compatible; MSIE 6.0; Windows NT 5.1; SV1)"
70.95.50.42 - - [27/Jun/2005:12:41:29 -0400] "GET /order%20page/logo%20web.gif HTTP/1.1" 200 7989 "http://slpromotions.com/order%20page/orderinfo.html" "Mozilla/4.0 (compatible; MSIE 6.0; Windows NT 5.1; SV1)"
70.95.50.42 - - [27/Jun/2005:12:41:29 -0400] "GET /order%20page/button.gif HTTP/1.1" 200 7682 "http://slpromotions.com/order%20page/orderinfo.html" "Mozilla/4.0 (compatible; MSIE 6.0; Windows NT 5.1; SV1)"
68.142.251.146 - - [27/Jun/2005:12:43:46 -0400] "GET /robots.txt HTTP/1.0" 404 277 "-" "Mozilla/5.0 (compatible; Yahoo! Slurp; http://help.yahoo.com/help/us/ysearch/slurp)"
68.142.249.13 - - [27/Jun/2005:12:43:46 -0400] "GET /catalog%20page/fabrics%20page/fabrics.html HTTP/1.0" 404 305 "-" "Mozilla/5.0 (compatible; Yahoo! Slurp; http://help.yahoo.com/help/us/ysearch/slurp)"
70.17.168.181 - - [27/Jun/2005:12:44:58 -0400] "GET / HTTP/1.1" 200 6473 "-" "Mozilla/4.0 (compatible; MSIE 6.0; Windows NT 5.1; .NET CLR 1.1.4322; MSN 9.0;MSN 9.1; MSNbVZ02; MSNmen-us; MSNcOTH; MPLUS)"
70.17.168.181 - - [27/Jun/2005:12:44:58 -0400] "GET /logo%20web.gif HTTP/1.1" 200 7989 "-" "Mozilla/4.0 (compatible; MSIE 6.0; Windows NT 5.1; .NET CLR 1.1.4322; MSN 9.0;MSN 9.1; MSNbVZ02; MSNmen-us; MSNcOTH; MPLUS)"
70.17.168.181 - - [27/Jun/2005:12:44:58 -0400] "GET /daisy.gif HTTP/1.1" 200 19368 "-" "Mozilla/4.0 (compatible; MSIE 6.0; Windows NT 5.1; .NET CLR 1.1.4322; MSN 9.0;MSN 9.1; MSNbVZ02; MSNmen-us; MSNcOTH; MPLUS)"
70.17.168.181 - - [27/Jun/2005:12:44:58 -0400] "GET /button.gif HTTP/1.1" 200 7682 "-" "Mozilla/4.0 (compatible; MSIE 6.0; Windows NT 5.1; .NET CLR 1.1.4322; MSN 9.0;MSN 9.1; MSNbVZ02; MSNmen-us; MSNcOTH; MPLUS)"
70.17.168.181 - - [27/Jun/2005:12:44:58 -0400] "GET /deannayellow.gif HTTP/1.1" 200 67463 "-" "Mozilla/4.0 (compatible; MSIE 6.0; Windows NT 5.1; .NET CLR 1.1.4322; MSN 9.0;MSN 9.1; MSNbVZ02; MSNmen-us; MSNcOTH; MPLUS)"
66.249.71.32 - - [27/Jun/2005:14:37:35 -0400] "GET /robots.txt HTTP/1.0" 404 277 "-" "Googlebot/2.1 (+http://www.google.com/bot.html)"
66.249.71.32 - - [27/Jun/2005:14:37:35 -0400] "GET / HTTP/1.0" 200 6453 "-" "Googlebot/2.1 (+http://www.google.com/bot.html)"
66.249.64.58 - - [27/Jun/2005:14:52:08 -0400] "GET /sales%20page/key%20tags/keytagsapril.html HTTP/1.0" 200 9470 "-" "Googlebot/2.1 (+http://www.google.com/bot.html)"
66.92.163.205 - - [27/Jun/2005:15:11:35 -0400] "GET /robots.txt HTTP/1.1" 404 289 "http://www.writerspace.com/" "Mozilla/4.0 (compatible; MSIE 6.0; Windows NT 5.1)"
66.92.163.205 - - [27/Jun/2005:15:11:36 -0400] "GET / HTTP/1.1" 200 6473 "http://www.writerspace.com/" "Mozilla/4.0 (compatible; MSIE 6.0; Windows NT 5.1)"
66.92.163.205 - - [27/Jun/2005:15:11:41 -0400] "GET /robots.txt HTTP/1.1" 404 289 "http://www.writerspace.com/" "Mozilla/4.0 (compatible; MSIE 6.0; Windows NT 5.1)"
66.92.163.205 - - [27/Jun/2005:15:11:42 -0400] "GET / HTTP/1.1" 200 6473 "http://www.writerspace.com/" "Mozilla/4.0 (compatible; MSIE 6.0; Windows NT 5.1)"
66.92.163.213 - - [27/Jun/2005:15:12:40 -0400] "GET /robots.txt HTTP/1.1" 404 289 "http://www.writerspace.com/" "Mozilla/4.0 (compatible; MSIE 6.0; Windows NT 5.1)"
66.92.163.213 - - [27/Jun/2005:15:12:40 -0400] "GET / HTTP/1.1" 200 6473 "http://www.writerspace.com/" "Mozilla/4.0 (compatible; MSIE 6.0; Windows NT 5.1)"
66.92.163.213 - - [27/Jun/2005:15:12:46 -0400] "GET /robots.txt HTTP/1.1" 404 289 "http://www.writerspace.com/" "Mozilla/4.0 (compatible; MSIE 6.0; Windows NT 5.1)"
66.92.163.213 - - [27/Jun/2005:15:12:47 -0400] "GET / HTTP/1.1" 200 6473 "http://www.writerspace.com/" "Mozilla/4.0 (compatible; MSIE 6.0; Windows NT 5.1)"
66.249.71.67 - - [27/Jun/2005:15:19:57 -0400] "GET /indexnew.html HTTP/1.0" 404 280 "-" "Googlebot/2.1 (+http://www.google.com/bot.html)"
66.92.163.205 - - [27/Jun/2005:15:34:54 -0400] "GET /robots.txt HTTP/1.1" 404 289 "http://www.writerspace.com/" "Mozilla/4.0 (compatible; MSIE 6.0; Windows NT 5.1)"
66.92.163.205 - - [27/Jun/2005:15:34:54 -0400] "GET / HTTP/1.1" 200 6473 "http://www.writerspace.com/" "Mozilla/4.0 (compatible; MSIE 6.0; Windows NT 5.1)"
66.92.163.213 - - [27/Jun/2005:15:57:34 -0400] "GET /robots.txt HTTP/1.1" 404 289 "http://www.writerspace.com/" "Mozilla/4.0 (compatible; MSIE 6.0; Windows NT 5.1)"
66.92.163.213 - - [27/Jun/2005:15:57:34 -0400] "GET / HTTP/1.1" 200 6473 "http://www.writerspace.com/" "Mozilla/4.0 (compatible; MSIE 6.0; Windows NT 5.1)"
66.249.65.207 - - [27/Jun/2005:15:59:00 -0400] "GET /robots.txt HTTP/1.1" 404 289 "-" "Mozilla/5.0 (compatible; Googlebot/2.1; +http://www.google.com/bot.html)"
66.249.65.207 - - [27/Jun/2005:15:59:00 -0400] "GET /buttons%20page/Button%20Samples/lg%20buttons/call.html HTTP/1.1" 200 1311 "-" "Mozilla/5.0 (compatible; Googlebot/2.1; +http://www.google.com/bot.html)"
68.142.251.145 - - [27/Jun/2005:16:29:23 -0400] "GET /robots.txt HTTP/1.0" 404 277 "-" "Mozilla/5.0 (compatible; Yahoo! Slurp; http://help.yahoo.com/help/us/ysearch/slurp)"
68.142.249.129 - - [27/Jun/2005:16:29:23 -0400] "GET /catalog%20page/buttons%20page/button%20new.html HTTP/1.0" 404 308 "-" "Mozilla/5.0 (compatible; Yahoo! Slurp; http://help.yahoo.com/help/us/ysearch/slurp)"
68.142.250.158 - - [27/Jun/2005:18:35:30 -0400] "GET /robots.txt HTTP/1.0" 404 277 "-" "Mozilla/5.0 (compatible; Yahoo! Slurp; http://help.yahoo.com/help/us/ysearch/slurp)"
68.142.250.121 - - [27/Jun/2005:18:35:30 -0400] "GET / HTTP/1.0" 200 6453 "-" "Mozilla/5.0 (compatible; Yahoo! Slurp; http://help.yahoo.com/help/us/ysearch/slurp)"
85.137.161.158 - - [27/Jun/2005:19:05:20 -0400] "GET / HTTP/1.1" 200 6473 "-" "Mozilla/4.0 (compatible; MSIE 6.0; Windows 98)"
65.19.150.210 - - [27/Jun/2005:19:15:38 -0400] "GET / HTTP/1.1" 200 6473 "-" "OmniExplorer_Bot/1.09 (+http://www.omni-explorer.com)"
68.142.251.145 - - [27/Jun/2005:20:01:07 -0400] "GET /robots.txt HTTP/1.0" 404 277 "-" "Mozilla/5.0 (compatible; Yahoo! Slurp; http://help.yahoo.com/help/us/ysearch/slurp)"
68.142.251.116 - - [27/Jun/2005:20:01:07 -0400] "GET /catalog%20page/paper%20page/paper.html HTTP/1.0" 404 301 "-" "Mozilla/5.0 (compatible; Yahoo! Slurp; http://help.yahoo.com/help/us/ysearch/slurp)"
68.142.251.145 - - [27/Jun/2005:21:20:10 -0400] "GET /robots.txt HTTP/1.0" 404 277 "-" "Mozilla/5.0 (compatible; Yahoo! Slurp; http://help.yahoo.com/help/us/ysearch/slurp)"
68.142.251.94 - - [27/Jun/2005:21:20:10 -0400] "GET /buttons%20page/Button%20Samples/lg%20buttons/symphony.html HTTP/1.0" 200 1298 "-" "Mozilla/5.0 (compatible; Yahoo! Slurp; http://help.yahoo.com/help/us/ysearch/slurp)"
66.194.6.77 - - [27/Jun/2005:22:17:47 -0400] "GET / HTTP/1.1" 200 6473 "-" "Mozilla/5.0 (compatible; Konqueror/3.0-rc2; i686 Linux; 20020615)"
68.60.217.218 - - [27/Jun/2005:22:27:34 -0400] "GET / HTTP/1.1" 200 6473 "-" "Mozilla/5.0 (Windows; U; Windows NT 5.1; en-US; rv:1.7.2) Gecko/20040804 Netscape/7.2 (ax)"
68.60.217.218 - - [27/Jun/2005:22:27:34 -0400] "GET /favicon.ico HTTP/1.1" 404 290 "-" "Mozilla/5.0 (Windows; U; Windows NT 5.1; en-US; rv:1.7.2) Gecko/20040804 Netscape/7.2 (ax)"
68.60.217.218 - - [27/Jun/2005:22:27:34 -0400] "GET /logo%20web.gif HTTP/1.1" 200 7989 "http://slpromotions.com/" "Mozilla/5.0 (Windows; U; Windows NT 5.1; en-US; rv:1.7.2) Gecko/20040804 Netscape/7.2 (ax)"
68.60.217.218 - - [27/Jun/2005:22:27:35 -0400] "GET /daisy.gif HTTP/1.1" 200 19368 "http://slpromotions.com/" "Mozilla/5.0 (Windows; U; Windows NT 5.1; en-US; rv:1.7.2) Gecko/20040804 Netscape/7.2 (ax)"
68.60.217.218 - - [27/Jun/2005:22:27:35 -0400] "GET /deannayellow.gif HTTP/1.1" 200 67463 "http://slpromotions.com/" "Mozilla/5.0 (Windows; U; Windows NT 5.1; en-US; rv:1.7.2) Gecko/20040804 Netscape/7.2 (ax)"
68.60.217.218 - - [27/Jun/2005:22:27:35 -0400] "GET /button.gif HTTP/1.1" 200 7682 "http://slpromotions.com/" "Mozilla/5.0 (Windows; U; Windows NT 5.1; en-US; rv:1.7.2) Gecko/20040804 Netscape/7.2 (ax)"
66.249.64.77 - - [27/Jun/2005:23:54:21 -0400] "GET /robots.txt HTTP/1.0" 404 277 "-" "Googlebot/2.1 (+http://www.google.com/bot.html)"
66.249.64.77 - - [27/Jun/2005:23:54:21 -0400] "GET / HTTP/1.0" 200 6453 "-" "Googlebot/2.1 (+http://www.google.com/bot.html)"
66.194.6.3 - - [28/Jun/2005:00:55:47 -0400] "GET / HTTP/1.1" 200 6473 "-" "Mozilla/4.0 (compatible; MSIE 6.0; Windows NT 5.1; Q312462)"
207.68.146.49 - - [28/Jun/2005:04:26:12 -0400] "GET /robots.txt HTTP/1.0" 404 277 "-" "msnbot/1.0 (+http://search.msn.com/msnbot.htm)"
207.68.146.49 - - [28/Jun/2005:04:26:12 -0400] "GET / HTTP/1.0" 200 6453 "-" "msnbot/1.0 (+http://search.msn.com/msnbot.htm)"
65.214.44.185 - - [28/Jun/2005:07:18:55 -0400] "GET /robots.txt HTTP/1.0" 404 277 "-" "Mozilla/2.0 (compatible; Ask Jeeves/Teoma)"
65.214.44.185 - - [28/Jun/2005:07:18:58 -0400] "GET / HTTP/1.0" 200 6453 "-" "Mozilla/2.0 (compatible; Ask Jeeves/Teoma)"
213.253.23.242 - - [28/Jun/2005:08:51:26 -0400] "GET / HTTP/1.1" 200 6473 "http://www.google.co.uk/search?sourceid=navclient&ie=UTF-8&rls=GGLD,GGLD:2003-34,GGLD:en&q=S+L+Promotions" "Mozilla/4.0 (compatible; MSIE 6.0; Windows NT 5.1; SV1)"
213.253.23.242 - - [28/Jun/2005:08:51:27 -0400] "GET /logo%20web.gif HTTP/1.1" 200 7989 "http://slpromotions.com/" "Mozilla/4.0 (compatible; MSIE 6.0; Windows NT 5.1; SV1)"
213.253.23.242 - - [28/Jun/2005:08:51:27 -0400] "GET /daisy.gif HTTP/1.1" 200 19368 "http://slpromotions.com/" "Mozilla/4.0 (compatible; MSIE 6.0; Windows NT 5.1; SV1)"
213.253.23.242 - - [28/Jun/2005:08:51:28 -0400] "GET /button.gif HTTP/1.1" 200 7682 "http://slpromotions.com/" "Mozilla/4.0 (compatible; MSIE 6.0; Windows NT 5.1; SV1)"
213.253.23.242 - - [28/Jun/2005:08:51:29 -0400] "GET /deannayellow.gif HTTP/1.1" 200 67463 "http://slpromotions.com/" "Mozilla/4.0 (compatible; MSIE 6.0; Windows NT 5.1; SV1)"
71.106.86.179 - - [28/Jun/2005:13:11:18 -0400] "GET / HTTP/1.1" 200 6473 "http://www.google.com/search?hl=en&lr=&biw=734&q=S+and+L+promotions" "Mozilla/4.0 (compatible; MSIE 6.0; Windows NT 5.1; SV1; FunWebProducts; .NET CLR 1.1.4322)"
71.106.86.179 - - [28/Jun/2005:13:11:18 -0400] "GET /logo%20web.gif HTTP/1.1" 200 7989 "http://slpromotions.com/" "Mozilla/4.0 (compatible; MSIE 6.0; Windows NT 5.1; SV1; FunWebProducts; .NET CLR 1.1.4322)"
71.106.86.179 - - [28/Jun/2005:13:11:18 -0400] "GET /daisy.gif HTTP/1.1" 200 19368 "http://slpromotions.com/" "Mozilla/4.0 (compatible; MSIE 6.0; Windows NT 5.1; SV1; FunWebProducts; .NET CLR 1.1.4322)"
71.106.86.179 - - [28/Jun/2005:13:11:19 -0400] "GET /button.gif HTTP/1.1" 200 7682 "http://slpromotions.com/" "Mozilla/4.0 (compatible; MSIE 6.0; Windows NT 5.1; SV1; FunWebProducts; .NET CLR 1.1.4322)"
71.106.86.179 - - [28/Jun/2005:13:11:19 -0400] "GET /deannayellow.gif HTTP/1.1" 200 67463 "http://slpromotions.com/" "Mozilla/4.0 (compatible; MSIE 6.0; Windows NT 5.1; SV1; FunWebProducts; .NET CLR 1.1.4322)"
71.106.86.179 - - [28/Jun/2005:13:12:29 -0400] "GET / HTTP/1.1" 200 6473 "-" "Mozilla/4.0 (compatible; MSIE 6.0; Windows NT 5.1; SV1; .NET CLR 1.1.4322)"
71.106.86.179 - - [28/Jun/2005:13:12:29 -0400] "GET /logo%20web.gif HTTP/1.1" 200 7989 "http://slpromotions.com/" "Mozilla/4.0 (compatible; MSIE 6.0; Windows NT 5.1; SV1; .NET CLR 1.1.4322)"
71.106.86.179 - - [28/Jun/2005:13:12:29 -0400] "GET /daisy.gif HTTP/1.1" 200 19368 "http://slpromotions.com/" "Mozilla/4.0 (compatible; MSIE 6.0; Windows NT 5.1; SV1; .NET CLR 1.1.4322)"
71.106.86.179 - - [28/Jun/2005:13:12:30 -0400] "GET /button.gif HTTP/1.1" 200 7682 "http://slpromotions.com/" "Mozilla/4.0 (compatible; MSIE 6.0; Windows NT 5.1; SV1; .NET CLR 1.1.4322)"
71.106.86.179 - - [28/Jun/2005:13:12:30 -0400] "GET /deannayellow.gif HTTP/1.1" 200 67463 "http://slpromotions.com/" "Mozilla/4.0 (compatible; MSIE 6.0; Windows NT 5.1; SV1; .NET CLR 1.1.4322)"
71.106.86.179 - - [28/Jun/2005:13:12:33 -0400] "GET /indexnew.html HTTP/1.1" 404 292 "http://slpromotions.com/" "Mozilla/4.0 (compatible; MSIE 6.0; Windows NT 5.1; SV1; FunWebProducts; .NET CLR 1.1.4322)"
71.106.86.179 - - [28/Jun/2005:13:12:37 -0400] "GET /sales%20page/salesspring.html HTTP/1.1" 200 3958 "http://slpromotions.com/" "Mozilla/4.0 (compatible; MSIE 6.0; Windows NT 5.1; SV1; FunWebProducts; .NET CLR 1.1.4322)"
71.106.86.179 - - [28/Jun/2005:13:12:37 -0400] "GET /sales%20page/logo%20web.gif HTTP/1.1" 200 7989 "http://slpromotions.com/sales%20page/salesspring.html" "Mozilla/4.0 (compatible; MSIE 6.0; Windows NT 5.1; SV1; FunWebProducts; .NET CLR 1.1.4322)"
71.106.86.179 - - [28/Jun/2005:13:12:38 -0400] "GET /sales%20page/button.gif HTTP/1.1" 200 7682 "http://slpromotions.com/sales%20page/salesspring.html" "Mozilla/4.0 (compatible; MSIE 6.0; Windows NT 5.1; SV1; FunWebProducts; .NET CLR 1.1.4322)"
71.106.86.179 - - [28/Jun/2005:13:12:41 -0400] "GET /sales%20page/key%20tags/keytagsapril.html HTTP/1.1" 200 9498 "http://slpromotions.com/sales%20page/salesspring.html" "Mozilla/4.0 (compatible; MSIE 6.0; Windows NT 5.1; SV1; FunWebProducts; .NET CLR 1.1.4322)"
71.106.86.179 - - [28/Jun/2005:13:12:41 -0400] "GET /sales%20page/key%20tags/logo%20web.gif HTTP/1.1" 200 7989 "http://slpromotions.com/sales%20page/key%20tags/keytagsapril.html" "Mozilla/4.0 (compatible; MSIE 6.0; Windows NT 5.1; SV1; FunWebProducts; .NET CLR 1.1.4322)"
71.106.86.179 - - [28/Jun/2005:13:12:42 -0400] "GET /sales%20page/key%20tags/lucky.gif HTTP/1.1" 200 5447 "http://slpromotions.com/sales%20page/key%20tags/keytagsapril.html" "Mozilla/4.0 (compatible; MSIE 6.0; Windows NT 5.1; SV1; FunWebProducts; .NET CLR 1.1.4322)"
71.106.86.179 - - [28/Jun/2005:13:12:42 -0400] "GET /sales%20page/key%20tags/daisy.gif HTTP/1.1" 200 19368 "http://slpromotions.com/sales%20page/key%20tags/keytagsapril.html" "Mozilla/4.0 (compatible; MSIE 6.0; Windows NT 5.1; SV1; FunWebProducts; .NET CLR 1.1.4322)"
71.106.86.179 - - [28/Jun/2005:13:12:42 -0400] "GET /sales%20page/key%20tags/smile.gif HTTP/1.1" 200 6999 "http://slpromotions.com/sales%20page/key%20tags/keytagsapril.html" "Mozilla/4.0 (compatible; MSIE 6.0; Windows NT 5.1; SV1; FunWebProducts; .NET CLR 1.1.4322)"
71.106.86.179 - - [28/Jun/2005:13:12:42 -0400] "GET /sales%20page/key%20tags/button.gif HTTP/1.1" 200 7682 "http://slpromotions.com/sales%20page/key%20tags/keytagsapril.html" "Mozilla/4.0 (compatible; MSIE 6.0; Windows NT 5.1; SV1; FunWebProducts; .NET CLR 1.1.4322)"
71.106.86.179 - - [28/Jun/2005:13:14:06 -0400] "GET / HTTP/1.1" 200 6473 "-" "Mozilla/4.0 (compatible; MSIE 6.0; Windows NT 5.1; SV1; .NET CLR 1.1.4322)"
71.106.86.179 - - [28/Jun/2005:13:14:07 -0400] "GET /logo%20web.gif HTTP/1.1" 304 - "http://slpromotions.com/" "Mozilla/4.0 (compatible; MSIE 6.0; Windows NT 5.1; SV1; .NET CLR 1.1.4322)"
71.106.86.179 - - [28/Jun/2005:13:14:07 -0400] "GET /daisy.gif HTTP/1.1" 304 - "http://slpromotions.com/" "Mozilla/4.0 (compatible; MSIE 6.0; Windows NT 5.1; SV1; .NET CLR 1.1.4322)"
71.106.86.179 - - [28/Jun/2005:13:14:07 -0400] "GET /deannayellow.gif HTTP/1.1" 304 - "http://slpromotions.com/" "Mozilla/4.0 (compatible; MSIE 6.0; Windows NT 5.1; SV1; .NET CLR 1.1.4322)"
71.106.86.179 - - [28/Jun/2005:13:14:07 -0400] "GET /button.gif HTTP/1.1" 304 - "http://slpromotions.com/" "Mozilla/4.0 (compatible; MSIE 6.0; Windows NT 5.1; SV1; .NET CLR 1.1.4322)"
71.106.86.179 - - [28/Jun/2005:13:14:15 -0400] "GET /indexnew.html HTTP/1.1" 404 292 "http://slpromotions.com/" "Mozilla/4.0 (compatible; MSIE 6.0; Windows NT 5.1; SV1; .NET CLR 1.1.4322)"
71.106.86.179 - - [28/Jun/2005:13:14:39 -0400] "GET / HTTP/1.1" 200 6473 "-" "Mozilla/4.0 (compatible; MSIE 6.0; Windows NT 5.1; SV1; .NET CLR 1.1.4322)"
71.106.86.179 - - [28/Jun/2005:13:14:39 -0400] "GET /logo%20web.gif HTTP/1.1" 304 - "http://slpromotions.com/" "Mozilla/4.0 (compatible; MSIE 6.0; Windows NT 5.1; SV1; .NET CLR 1.1.4322)"
71.106.86.179 - - [28/Jun/2005:13:14:39 -0400] "GET /daisy.gif HTTP/1.1" 304 - "http://slpromotions.com/" "Mozilla/4.0 (compatible; MSIE 6.0; Windows NT 5.1; SV1; .NET CLR 1.1.4322)"
71.106.86.179 - - [28/Jun/2005:13:14:40 -0400] "GET /deannayellow.gif HTTP/1.1" 304 - "http://slpromotions.com/" "Mozilla/4.0 (compatible; MSIE 6.0; Windows NT 5.1; SV1; .NET CLR 1.1.4322)"
71.106.86.179 - - [28/Jun/2005:13:14:40 -0400] "GET /button.gif HTTP/1.1" 304 - "http://slpromotions.com/" "Mozilla/4.0 (compatible; MSIE 6.0; Windows NT 5.1; SV1; .NET CLR 1.1.4322)"
71.106.86.179 - - [28/Jun/2005:13:16:53 -0400] "GET / HTTP/1.1" 200 6473 "-" "Mozilla/4.0 (compatible; MSIE 6.0; Windows NT 5.1; SV1; .NET CLR 1.1.4322)"
71.106.86.179 - - [28/Jun/2005:13:16:54 -0400] "GET /logo%20web.gif HTTP/1.1" 200 7989 "http://slpromotions.com/" "Mozilla/4.0 (compatible; MSIE 6.0; Windows NT 5.1; SV1; .NET CLR 1.1.4322)"
71.106.86.179 - - [28/Jun/2005:13:16:54 -0400] "GET /daisy.gif HTTP/1.1" 200 19368 "http://slpromotions.com/" "Mozilla/4.0 (compatible; MSIE 6.0; Windows NT 5.1; SV1; .NET CLR 1.1.4322)"
71.106.86.179 - - [28/Jun/2005:13:16:54 -0400] "GET /button.gif HTTP/1.1" 200 7682 "http://slpromotions.com/" "Mozilla/4.0 (compatible; MSIE 6.0; Windows NT 5.1; SV1; .NET CLR 1.1.4322)"
71.106.86.179 - - [28/Jun/2005:13:16:55 -0400] "GET /deannayellow.gif HTTP/1.1" 200 67463 "http://slpromotions.com/" "Mozilla/4.0 (compatible; MSIE 6.0; Windows NT 5.1; SV1; .NET CLR 1.1.4322)"
64.246.165.170 - - [28/Jun/2005:13:39:34 -0400] "GET /robots.txt HTTP/1.1" 404 289 "http://www.whois.sc/" "SurveyBot/2.3 (Whois Source)"
64.246.165.170 - - [28/Jun/2005:13:39:34 -0400] "GET / HTTP/1.1" 200 6473 "http://www.whois.sc/slpromotions.com" "SurveyBot/2.3 (Whois Source)"
66.194.6.79 - - [28/Jun/2005:14:40:12 -0400] "GET / HTTP/1.1" 200 6473 "-" "Mozilla/4.0 (compatible; MSIE 6.0; Windows NT 5.1; Q312467)"
66.249.65.207 - - [28/Jun/2005:15:23:00 -0400] "GET /robots.txt HTTP/1.1" 404 289 "-" "Mozilla/5.0 (compatible; Googlebot/2.1; +http://www.google.com/bot.html)"
66.249.65.207 - - [28/Jun/2005:15:23:00 -0400] "GET /indexnew.html HTTP/1.1" 404 292 "-" "Mozilla/5.0 (compatible; Googlebot/2.1; +http://www.google.com/bot.html)"
64.105.174.82 - - [28/Jun/2005:15:31:03 -0400] "GET / HTTP/1.1" 200 6473 "http://www.rebelriders.net/contacts.html" "Mozilla/4.0 (compatible; MSIE 6.0; Windows NT 5.1)"
64.105.174.82 - - [28/Jun/2005:15:31:04 -0400] "GET /logo%20web.gif HTTP/1.1" 200 7989 "http://slpromotions.com/" "Mozilla/4.0 (compatible; MSIE 6.0; Windows NT 5.1)"
64.105.174.82 - - [28/Jun/2005:15:31:05 -0400] "GET /daisy.gif HTTP/1.1" 200 19368 "http://slpromotions.com/" "Mozilla/4.0 (compatible; MSIE 6.0; Windows NT 5.1)"
64.105.174.82 - - [28/Jun/2005:15:31:06 -0400] "GET /button.gif HTTP/1.1" 200 7682 "http://slpromotions.com/" "Mozilla/4.0 (compatible; MSIE 6.0; Windows NT 5.1)"
64.105.174.82 - - [28/Jun/2005:15:31:08 -0400] "GET /deannayellow.gif HTTP/1.1" 200 67463 "http://slpromotions.com/" "Mozilla/4.0 (compatible; MSIE 6.0; Windows NT 5.1)"
61.135.131.118 - - [28/Jun/2005:15:42:56 -0400] "GET / HTTP/1.1" 200 6473 "-" "sohu-search"
61.135.131.118 - - [28/Jun/2005:15:42:57 -0400] "GET //robots.txt HTTP/1.1" 404 290 "-" "sohu-search"
66.94.233.89 - - [28/Jun/2005:16:29:23 -0400] "GET /robots.txt HTTP/1.0" 404 277 "-" "Yahoo-MMCrawler/3.x (mms dash mmcrawler dash support at yahoo dash inc dot com)"
68.142.251.145 - - [28/Jun/2005:18:19:15 -0400] "GET /robots.txt HTTP/1.0" 404 277 "-" "Mozilla/5.0 (compatible; Yahoo! Slurp; http://help.yahoo.com/help/us/ysearch/slurp)"
68.142.250.83 - - [28/Jun/2005:18:19:15 -0400] "GET /page1/buttons.html HTTP/1.0" 404 285 "-" "Mozilla/5.0 (compatible; Yahoo! Slurp; http://help.yahoo.com/help/us/ysearch/slurp)"
69.169.192.211 - - [28/Jun/2005:19:49:27 -0400] "GET /robots.txt HTTP/1.0" 404 277 "-" "Mozilla/4.0 (compatible; grub-client-2.6.0)"
66.194.6.83 - - [28/Jun/2005:22:51:07 -0400] "GET / HTTP/1.1" 200 6473 "-" "Mozilla/4.0 (compatible; MSIE 6.0; Windows NT 5.1; Q312465)"
66.249.64.35 - - [29/Jun/2005:00:29:43 -0400] "GET /robots.txt HTTP/1.0" 404 277 "-" "Googlebot/2.1 (+http://www.google.com/bot.html)"
66.249.64.35 - - [29/Jun/2005:00:29:44 -0400] "GET / HTTP/1.0" 200 6453 "-" "Googlebot/2.1 (+http://www.google.com/bot.html)"
68.142.251.145 - - [29/Jun/2005:00:41:07 -0400] "GET /robots.txt HTTP/1.0" 404 277 "-" "Mozilla/5.0 (compatible; Yahoo! Slurp; http://help.yahoo.com/help/us/ysearch/slurp)"
68.142.251.67 - - [29/Jun/2005:00:41:08 -0400] "GET /buttons%20page/Button%20Samples/lg%20buttons/meandkitties.html HTTP/1.0" 200 1309 "-" "Mozilla/5.0 (compatible; Yahoo! Slurp; http://help.yahoo.com/help/us/ysearch/slurp)"
68.60.217.218 - - [29/Jun/2005:01:41:16 -0400] "GET / HTTP/1.1" 200 6473 "-" "Mozilla/5.0 (Windows; U; Windows NT 5.1; en-US; rv:1.7.5) Gecko/20050308 Firefox/0.9.6"
68.60.217.218 - - [29/Jun/2005:01:41:16 -0400] "GET /logo%20web.gif HTTP/1.1" 200 7989 "http://www.slpromotions.com/" "Mozilla/5.0 (Windows; U; Windows NT 5.1; en-US; rv:1.7.5) Gecko/20050308 Firefox/0.9.6"
68.60.217.218 - - [29/Jun/2005:01:41:16 -0400] "GET /daisy.gif HTTP/1.1" 200 19368 "http://www.slpromotions.com/" "Mozilla/5.0 (Windows; U; Windows NT 5.1; en-US; rv:1.7.5) Gecko/20050308 Firefox/0.9.6"
68.60.217.218 - - [29/Jun/2005:01:41:16 -0400] "GET /button.gif HTTP/1.1" 200 7682 "http://www.slpromotions.com/" "Mozilla/5.0 (Windows; U; Windows NT 5.1; en-US; rv:1.7.5) Gecko/20050308 Firefox/0.9.6"
68.60.217.218 - - [29/Jun/2005:01:41:16 -0400] "GET /deannayellow.gif HTTP/1.1" 200 67463 "http://www.slpromotions.com/" "Mozilla/5.0 (Windows; U; Windows NT 5.1; en-US; rv:1.7.5) Gecko/20050308 Firefox/0.9.6"
68.60.217.218 - - [29/Jun/2005:01:41:16 -0400] "GET /favicon.ico HTTP/1.1" 404 290 "-" "Mozilla/5.0 (Windows; U; Windows NT 5.1; en-US; rv:1.7.5) Gecko/20050308 Firefox/0.9.6"
68.60.217.218 - - [29/Jun/2005:01:41:17 -0400] "GET /favicon.ico HTTP/1.1" 404 290 "-" "Mozilla/5.0 (Windows; U; Windows NT 5.1; en-US; rv:1.7.5) Gecko/20050308 Firefox/0.9.6"
68.60.217.218 - - [29/Jun/2005:01:41:34 -0400] "GET /favicon.ico HTTP/1.1" 404 290 "-" "Mozilla/5.0 (Windows; U; Windows NT 5.1; en-US; rv:1.7.5) Gecko/20050308 Firefox/0.9.6"
68.60.217.218 - - [29/Jun/2005:01:41:34 -0400] "GET /favicon.ico HTTP/1.1" 404 290 "-" "Mozilla/5.0 (Windows; U; Windows NT 5.1; en-US; rv:1.7.5) Gecko/20050308 Firefox/0.9.6"
65.214.44.185 - - [29/Jun/2005:07:10:28 -0400] "GET /robots.txt HTTP/1.0" 404 277 "-" "Mozilla/2.0 (compatible; Ask Jeeves/Teoma)"
65.214.44.185 - - [29/Jun/2005:07:10:47 -0400] "GET / HTTP/1.0" 200 6453 "-" "Mozilla/2.0 (compatible; Ask Jeeves/Teoma)"
68.142.251.145 - - [29/Jun/2005:07:20:48 -0400] "GET /robots.txt HTTP/1.0" 404 277 "-" "Mozilla/5.0 (compatible; Yahoo! Slurp; http://help.yahoo.com/help/us/ysearch/slurp)"
68.142.251.118 - - [29/Jun/2005:07:20:48 -0400] "GET /plastics%20page/plastics.html HTTP/1.0" 200 7831 "-" "Mozilla/5.0 (compatible; Yahoo! Slurp; http://help.yahoo.com/help/us/ysearch/slurp)"
207.46.98.134 - - [29/Jun/2005:08:07:52 -0400] "GET /robots.txt HTTP/1.0" 404 277 "-" "msnbot/1.0 (+http://search.msn.com/msnbot.htm)"
207.46.98.134 - - [29/Jun/2005:08:07:52 -0400] "GET /buttons%20page/buttonmain.html HTTP/1.0" 200 5555 "-" "msnbot/1.0 (+http://search.msn.com/msnbot.htm)"
66.194.6.78 - - [29/Jun/2005:10:24:35 -0400] "GET / HTTP/1.1" 200 6473 "-" "Mozilla/4.0 (compatible; MSIE 6.0; Windows NT 5.1; Q312463)"
207.46.98.134 - - [29/Jun/2005:10:38:23 -0400] "GET /robots.txt HTTP/1.0" 404 277 "-" "msnbot/1.0 (+http://search.msn.com/msnbot.htm)"
207.46.98.134 - - [29/Jun/2005:10:38:23 -0400] "GET /buttons%20page/Button%20Samples/buttonsamples.html HTTP/1.0" 200 4910 "-" "msnbot/1.0 (+http://search.msn.com/msnbot.htm)"
207.46.98.134 - - [29/Jun/2005:11:33:48 -0400] "GET /buttons%20page/Button%20Samples/lg%20buttons/knight.html HTTP/1.0" 200 1369 "-" "msnbot/1.0 (+http://search.msn.com/msnbot.htm)"
207.46.98.134 - - [29/Jun/2005:11:41:16 -0400] "GET /robots.txt HTTP/1.0" 404 277 "-" "msnbot/1.0 (+http://search.msn.com/msnbot.htm)"
207.46.98.134 - - [29/Jun/2005:11:41:17 -0400] "GET /sales%20page/salesspring.html HTTP/1.0" 200 3946 "-" "msnbot/1.0 (+http://search.msn.com/msnbot.htm)"
207.46.98.134 - - [29/Jun/2005:11:49:42 -0400] "GET /sales%20page/key%20tags/keytagsapril.html HTTP/1.0" 200 9470 "-" "msnbot/1.0 (+http://search.msn.com/msnbot.htm)"
207.46.98.134 - - [29/Jun/2005:12:05:38 -0400] "GET /buttons%20page/Button%20Samples/lg%20buttons/recklassbutton.html HTTP/1.0" 200 1323 "-" "msnbot/1.0 (+http://search.msn.com/msnbot.htm)"
207.46.98.134 - - [29/Jun/2005:12:16:48 -0400] "GET /buttons%20page/Button%20Samples/lg%20buttons/wolf.html HTTP/1.0" 200 1328 "-" "msnbot/1.0 (+http://search.msn.com/msnbot.htm)"
207.46.98.134 - - [29/Jun/2005:12:26:59 -0400] "GET /buttons%20page/Button%20Samples/lg%20buttons/meandkitties.html HTTP/1.0" 200 1309 "-" "msnbot/1.0 (+http://search.msn.com/msnbot.htm)"
207.46.98.134 - - [29/Jun/2005:12:31:29 -0400] "GET /buttons%20page/Button%20Samples/lg%20buttons/dusk.html HTTP/1.0" 200 1319 "-" "msnbot/1.0 (+http://search.msn.com/msnbot.htm)"
207.46.98.134 - - [29/Jun/2005:12:34:57 -0400] "GET /buttons%20page/Button%20Samples/lg%20buttons/lair.html HTTP/1.0" 200 1318 "-" "msnbot/1.0 (+http://search.msn.com/msnbot.htm)"
207.46.98.134 - - [29/Jun/2005:12:37:36 -0400] "GET /buttons%20page/Button%20Samples/lg%20buttons/violets.html HTTP/1.0" 200 1332 "-" "msnbot/1.0 (+http://search.msn.com/msnbot.htm)"
207.46.98.134 - - [29/Jun/2005:12:39:21 -0400] "GET /buttons%20page/Button%20Samples/lg%20buttons/symphony.html HTTP/1.0" 200 1298 "-" "msnbot/1.0 (+http://search.msn.com/msnbot.htm)"
68.142.251.145 - - [29/Jun/2005:12:55:47 -0400] "GET /robots.txt HTTP/1.0" 404 277 "-" "Mozilla/5.0 (compatible; Yahoo! Slurp; http://help.yahoo.com/help/us/ysearch/slurp)"
68.142.250.88 - - [29/Jun/2005:12:55:47 -0400] "GET /paper%20page/paper.html HTTP/1.0" 200 7532 "-" "Mozilla/5.0 (compatible; Yahoo! Slurp; http://help.yahoo.com/help/us/ysearch/slurp)"
207.46.98.134 - - [29/Jun/2005:13:03:57 -0400] "GET /index.html HTTP/1.0" 200 6453 "-" "msnbot/1.0 (+http://search.msn.com/msnbot.htm)"
207.46.98.134 - - [29/Jun/2005:13:31:36 -0400] "GET /sales%20page/salespring.html HTTP/1.0" 404 293 "-" "msnbot/1.0 (+http://search.msn.com/msnbot.htm)"
207.46.98.134 - - [29/Jun/2005:14:08:31 -0400] "GET /indexnew.html HTTP/1.0" 404 280 "-" "msnbot/1.0 (+http://search.msn.com/msnbot.htm)"
68.142.251.145 - - [29/Jun/2005:15:28:12 -0400] "GET /robots.txt HTTP/1.0" 404 277 "-" "Mozilla/5.0 (compatible; Yahoo! Slurp; http://help.yahoo.com/help/us/ysearch/slurp)"
68.142.249.48 - - [29/Jun/2005:15:28:12 -0400] "GET /imprinting%20page/imprinting.html HTTP/1.0" 200 7504 "-" "Mozilla/5.0 (compatible; Yahoo! Slurp; http://help.yahoo.com/help/us/ysearch/slurp)"
68.142.250.181 - - [29/Jun/2005:15:29:57 -0400] "GET /more/more.html HTTP/1.0" 200 7942 "-" "Mozilla/5.0 (compatible; Yahoo! Slurp; http://help.yahoo.com/help/us/ysearch/slurp)"
211.157.36.19 - - [29/Jun/2005:19:26:29 -0400] "GET / HTTP/1.0" 200 6453 "-" "Mozilla/3.0 (compatible; Indy Library)"
68.142.251.145 - - [29/Jun/2005:20:15:07 -0400] "GET /robots.txt HTTP/1.0" 404 277 "-" "Mozilla/5.0 (compatible; Yahoo! Slurp; http://help.yahoo.com/help/us/ysearch/slurp)"
68.142.251.161 - - [29/Jun/2005:20:15:07 -0400] "GET /buttons%20page/Button%20Samples/lg%20buttons/violets.html HTTP/1.0" 200 1332 "-" "Mozilla/5.0 (compatible; Yahoo! Slurp; http://help.yahoo.com/help/us/ysearch/slurp)"
68.142.251.112 - - [29/Jun/2005:20:36:44 -0400] "GET /buttons%20page/Button%20Samples/lg%20buttons/dad.html HTTP/1.0" 200 1304 "-" "Mozilla/5.0 (compatible; Yahoo! Slurp; http://help.yahoo.com/help/us/ysearch/slurp)"
207.46.98.134 - - [29/Jun/2005:21:23:53 -0400] "GET /robots.txt HTTP/1.0" 404 277 "-" "msnbot/1.0 (+http://search.msn.com/msnbot.htm)"
207.46.98.134 - - [29/Jun/2005:21:23:53 -0400] "GET /sales%20page/salespring.html HTTP/1.0" 404 293 "-" "msnbot/1.0 (+http://search.msn.com/msnbot.htm)"
207.46.98.134 - - [29/Jun/2005:21:26:51 -0400] "GET /indexnew.html HTTP/1.0" 404 280 "-" "msnbot/1.0 (+http://search.msn.com/msnbot.htm)"
66.194.6.72 - - [29/Jun/2005:21:59:28 -0400] "GET / HTTP/1.1" 200 6473 "-" "Mozilla/4.0 (compatible; MSIE 6.0; Windows NT 5.1; Q312464)"
66.249.64.35 - - [30/Jun/2005:01:15:11 -0400] "GET /robots.txt HTTP/1.0" 404 277 "-" "Googlebot/2.1 (+http://www.google.com/bot.html)"
66.249.64.35 - - [30/Jun/2005:01:15:12 -0400] "GET / HTTP/1.0" 200 6453 "-" "Googlebot/2.1 (+http://www.google.com/bot.html)"
68.142.251.145 - - [30/Jun/2005:01:20:22 -0400] "GET /robots.txt HTTP/1.0" 404 277 "-" "Mozilla/5.0 (compatible; Yahoo! Slurp; http://help.yahoo.com/help/us/ysearch/slurp)"
68.142.250.112 - - [30/Jun/2005:01:20:22 -0400] "GET /buttons%20page/Button%20Samples/buttonsamples.html HTTP/1.0" 200 4910 "-" "Mozilla/5.0 (compatible; Yahoo! Slurp; http://help.yahoo.com/help/us/ysearch/slurp)"
66.249.64.25 - - [30/Jun/2005:01:41:50 -0400] "GET / HTTP/1.0" 200 6453 "-" "Googlebot/2.1 (+http://www.google.com/bot.html)"
207.46.98.134 - - [30/Jun/2005:02:19:00 -0400] "GET /robots.txt HTTP/1.0" 404 277 "-" "msnbot/1.0 (+http://search.msn.com/msnbot.htm)"
207.46.98.134 - - [30/Jun/2005:02:19:00 -0400] "GET /sales%20page/salespring.html HTTP/1.0" 404 293 "-" "msnbot/1.0 (+http://search.msn.com/msnbot.htm)"
207.46.98.134 - - [30/Jun/2005:02:31:48 -0400] "GET /indexnew.html HTTP/1.0" 404 280 "-" "msnbot/1.0 (+http://search.msn.com/msnbot.htm)"
66.249.66.177 - - [30/Jun/2005:05:20:31 -0400] "GET /robots.txt HTTP/1.1" 404 289 "-" "Mozilla/5.0 (compatible; Googlebot/2.1; +http://www.google.com/bot.html)"
66.249.66.177 - - [30/Jun/2005:05:20:31 -0400] "GET /buttons%20page/Button%20Samples/lg%20buttons/dad.html HTTP/1.1" 200 1316 "-" "Mozilla/5.0 (compatible; Googlebot/2.1; +http://www.google.com/bot.html)"
66.249.66.177 - - [30/Jun/2005:05:20:41 -0400] "GET /buttons%20page/Button%20Samples/lg%20buttons/violets.html HTTP/1.1" 200 1344 "-" "Mozilla/5.0 (compatible; Googlebot/2.1; +http://www.google.com/bot.html)"
66.249.66.177 - - [30/Jun/2005:06:15:43 -0400] "GET /robots.txt HTTP/1.1" 404 289 "-" "Mozilla/5.0 (compatible; Googlebot/2.1; +http://www.google.com/bot.html)"
66.249.66.177 - - [30/Jun/2005:06:15:43 -0400] "GET /indexnew.html HTTP/1.1" 404 292 "-" "Mozilla/5.0 (compatible; Googlebot/2.1; +http://www.google.com/bot.html)"
68.142.251.145 - - [30/Jun/2005:06:42:48 -0400] "GET /robots.txt HTTP/1.0" 404 277 "-" "Mozilla/5.0 (compatible; Yahoo! Slurp; http://help.yahoo.com/help/us/ysearch/slurp)"
68.142.249.75 - - [30/Jun/2005:06:42:48 -0400] "GET /catalog%20page/catalog.html HTTP/1.0" 200 7561 "-" "Mozilla/5.0 (compatible; Yahoo! Slurp; http://help.yahoo.com/help/us/ysearch/slurp)"
65.214.44.185 - - [30/Jun/2005:07:18:01 -0400] "GET /robots.txt HTTP/1.0" 404 277 "-" "Mozilla/2.0 (compatible; Ask Jeeves/Teoma)"
65.214.44.185 - - [30/Jun/2005:07:18:14 -0400] "GET / HTTP/1.0" 200 6453 "-" "Mozilla/2.0 (compatible; Ask Jeeves/Teoma)"
207.46.98.134 - - [30/Jun/2005:08:24:03 -0400] "GET /robots.txt HTTP/1.0" 404 277 "-" "msnbot/1.0 (+http://search.msn.com/msnbot.htm)"
207.46.98.134 - - [30/Jun/2005:08:24:03 -0400] "GET /indexnew.html HTTP/1.0" 404 280 "-" "msnbot/1.0 (+http://search.msn.com/msnbot.htm)"
207.46.98.134 - - [30/Jun/2005:08:27:36 -0400] "GET /sales%20page/salespring.html HTTP/1.0" 404 293 "-" "msnbot/1.0 (+http://search.msn.com/msnbot.htm)"
68.142.251.145 - - [30/Jun/2005:09:14:47 -0400] "GET /robots.txt HTTP/1.0" 404 277 "-" "Mozilla/5.0 (compatible; Yahoo! Slurp; http://help.yahoo.com/help/us/ysearch/slurp)"
68.142.250.184 - - [30/Jun/2005:09:14:48 -0400] "GET /buttons%20page/Button%20Samples/lg%20buttons/crop.html HTTP/1.0" 200 1271 "-" "Mozilla/5.0 (compatible; Yahoo! Slurp; http://help.yahoo.com/help/us/ysearch/slurp)"
24.148.242.53 - - [30/Jun/2005:10:34:44 -0400] "GET / HTTP/1.1" 200 6473 "http://www.google.com/search?sourceid=mozclient&ie=utf-8&oe=utf-8&q=full+color+sublimated+clipboards" "Mozilla/5.0 (Windows; U; Windows NT 5.1; en-US; rv:1.7.8) Gecko/20050511 Firefox/1.0.4"
24.148.242.53 - - [30/Jun/2005:10:34:44 -0400] "GET /logo%20web.gif HTTP/1.1" 200 7989 "http://slpromotions.com/" "Mozilla/5.0 (Windows; U; Windows NT 5.1; en-US; rv:1.7.8) Gecko/20050511 Firefox/1.0.4"
24.148.242.53 - - [30/Jun/2005:10:34:44 -0400] "GET /daisy.gif HTTP/1.1" 200 19368 "http://slpromotions.com/" "Mozilla/5.0 (Windows; U; Windows NT 5.1; en-US; rv:1.7.8) Gecko/20050511 Firefox/1.0.4"
24.148.242.53 - - [30/Jun/2005:10:34:45 -0400] "GET /button.gif HTTP/1.1" 200 7682 "http://slpromotions.com/" "Mozilla/5.0 (Windows; U; Windows NT 5.1; en-US; rv:1.7.8) Gecko/20050511 Firefox/1.0.4"
24.148.242.53 - - [30/Jun/2005:10:34:45 -0400] "GET /deannayellow.gif HTTP/1.1" 200 67463 "http://slpromotions.com/" "Mozilla/5.0 (Windows; U; Windows NT 5.1; en-US; rv:1.7.8) Gecko/20050511 Firefox/1.0.4"
24.148.242.53 - - [30/Jun/2005:10:34:45 -0400] "GET /favicon.ico HTTP/1.1" 404 290 "-" "Mozilla/5.0 (Windows; U; Windows NT 5.1; en-US; rv:1.7.8) Gecko/20050511 Firefox/1.0.4"
12.218.159.177 - - [30/Jun/2005:11:35:52 -0400] "GET / HTTP/1.1" 200 6473 "-" "Mozilla/4.0 (compatible; MSIE 6.0; Windows NT 5.1; SV1)"
12.218.159.177 - - [30/Jun/2005:11:35:52 -0400] "GET /logo%20web.gif HTTP/1.1" 200 7989 "http://slpromotions.com/" "Mozilla/4.0 (compatible; MSIE 6.0; Windows NT 5.1; SV1)"
12.218.159.177 - - [30/Jun/2005:11:35:53 -0400] "GET /daisy.gif HTTP/1.1" 200 19368 "http://slpromotions.com/" "Mozilla/4.0 (compatible; MSIE 6.0; Windows NT 5.1; SV1)"
12.218.159.177 - - [30/Jun/2005:11:35:53 -0400] "GET /button.gif HTTP/1.1" 200 7682 "http://slpromotions.com/" "Mozilla/4.0 (compatible; MSIE 6.0; Windows NT 5.1; SV1)"
12.218.159.177 - - [30/Jun/2005:11:35:53 -0400] "GET /deannayellow.gif HTTP/1.1" 200 67463 "http://slpromotions.com/" "Mozilla/4.0 (compatible; MSIE 6.0; Windows NT 5.1; SV1)"
207.200.116.8 - - [30/Jun/2005:12:49:29 -0400] "GET / HTTP/1.0" 200 6453 "-" "Mozilla/4.0 (compatible; MSIE 6.0; AOL 9.0; Windows NT 5.1; SV1; YPC 3.0.1; .NET CLR 1.1.4322)"
207.200.116.8 - - [30/Jun/2005:12:56:15 -0400] "GET / HTTP/1.1" 200 6473 "-" "Mozilla/4.0 (compatible; MSIE 6.0; AOL 9.0; Windows NT 5.1; SV1; YPC 3.0.1; .NET CLR 1.1.4322)"
207.200.116.202 - - [30/Jun/2005:12:56:19 -0400] "GET /indexnew.html HTTP/1.0" 404 280 "http://slpromotions.com/" "Mozilla/4.0 (compatible; MSIE 6.0; AOL 9.0; Windows NT 5.1; SV1; YPC 3.0.1; .NET CLR 1.1.4322)"
207.200.116.8 - - [30/Jun/2005:12:56:22 -0400] "GET / HTTP/1.1" 200 6473 "-" "Mozilla/4.0 (compatible; MSIE 6.0; AOL 9.0; Windows NT 5.1; SV1; YPC 3.0.1; .NET CLR 1.1.4322)"
207.200.116.202 - - [30/Jun/2005:12:56:26 -0400] "GET /buttons%20page/buttonmain.html HTTP/1.1" 200 5575 "http://slpromotions.com/" "Mozilla/4.0 (compatible; MSIE 6.0; AOL 9.0; Windows NT 5.1; SV1; YPC 3.0.1; .NET CLR 1.1.4322)"
207.200.116.138 - - [30/Jun/2005:12:56:31 -0400] "GET /order%20page/orderinfo.html HTTP/1.0" 200 3406 "http://slpromotions.com/" "Mozilla/4.0 (compatible; MSIE 6.0; AOL 9.0; Windows NT 5.1; SV1; YPC 3.0.1; .NET CLR 1.1.4322)"
207.200.116.65 - - [30/Jun/2005:12:56:32 -0400] "GET /order%20page/button.gif HTTP/1.0" 200 7682 "http://slpromotions.com/order%20page/orderinfo.html" "Mozilla/4.0 (compatible; MSIE 6.0; AOL 9.0; Windows NT 5.1; SV1; YPC 3.0.1; .NET CLR 1.1.4322)"
207.200.116.133 - - [30/Jun/2005:12:56:32 -0400] "GET /order%20page/logo%20web.gif HTTP/1.0" 200 7989 "http://slpromotions.com/order%20page/orderinfo.html" "Mozilla/4.0 (compatible; MSIE 6.0; AOL 9.0; Windows NT 5.1; SV1; YPC 3.0.1; .NET CLR 1.1.4322)"
24.177.134.6 - - [30/Jun/2005:13:43:53 -0400] "GET /robots.txt HTTP/1.0" 404 277 "-" "aipbot/1.0 (aipbot; http://www.aipbot.com; aipbot@aipbot.com)"
24.177.134.6 - - [30/Jun/2005:13:43:53 -0400] "GET / HTTP/1.0" 200 6453 "-" "aipbot/1.0 (aipbot; http://www.aipbot.com; aipbot@aipbot.com)"
207.46.98.134 - - [30/Jun/2005:13:58:04 -0400] "GET /robots.txt HTTP/1.0" 404 277 "-" "msnbot/1.0 (+http://search.msn.com/msnbot.htm)"
207.46.98.134 - - [30/Jun/2005:13:58:04 -0400] "GET /order%20page/orderinfo.html HTTP/1.0" 200 3406 "-" "msnbot/1.0 (+http://search.msn.com/msnbot.htm)"
68.142.251.145 - - [30/Jun/2005:14:16:59 -0400] "GET /robots.txt HTTP/1.0" 404 277 "-" "Mozilla/5.0 (compatible; Yahoo! Slurp; http://help.yahoo.com/help/us/ysearch/slurp)"
68.142.251.182 - - [30/Jun/2005:14:17:00 -0400] "GET /buttons%20page/Button%20Samples/lg%20buttons/slbutton.html HTTP/1.0" 200 1234 "-" "Mozilla/5.0 (compatible; Yahoo! Slurp; http://help.yahoo.com/help/us/ysearch/slurp)"
24.36.120.110 - - [30/Jun/2005:18:08:10 -0400] "GET / HTTP/1.1" 200 6473 "-" "Mozilla/4.0 (compatible; MSIE 6.0; Windows NT 5.1; SV1; .NET CLR 1.1.4322)"
24.36.120.110 - - [30/Jun/2005:18:08:10 -0400] "GET /logo%20web.gif HTTP/1.1" 200 7989 "http://www.slpromotions.com/" "Mozilla/4.0 (compatible; MSIE 6.0; Windows NT 5.1; SV1; .NET CLR 1.1.4322)"
24.36.120.110 - - [30/Jun/2005:18:08:10 -0400] "GET /daisy.gif HTTP/1.1" 200 19368 "http://www.slpromotions.com/" "Mozilla/4.0 (compatible; MSIE 6.0; Windows NT 5.1; SV1; .NET CLR 1.1.4322)"
24.36.120.110 - - [30/Jun/2005:18:08:10 -0400] "GET /button.gif HTTP/1.1" 200 7682 "http://www.slpromotions.com/" "Mozilla/4.0 (compatible; MSIE 6.0; Windows NT 5.1; SV1; .NET CLR 1.1.4322)"
24.36.120.110 - - [30/Jun/2005:18:08:10 -0400] "GET /deannayellow.gif HTTP/1.1" 200 67463 "http://www.slpromotions.com/" "Mozilla/4.0 (compatible; MSIE 6.0; Windows NT 5.1; SV1; .NET CLR 1.1.4322)"
66.194.6.83 - - [30/Jun/2005:18:26:31 -0400] "GET / HTTP/1.1" 200 6473 "-" "Mozilla/4.0 (compatible; MSIE 6.0; Windows NT 5.1; Q312464)"
66.249.66.10 - - [30/Jun/2005:20:32:37 -0400] "GET /buttons%20page/Button%20Samples/lg%20buttons/crop.html HTTP/1.1" 200 1283 "-" "Mozilla/5.0 (compatible; Googlebot/2.1; +http://www.google.com/bot.html)"
66.147.154.3 - - [30/Jun/2005:21:14:45 -0400] "GET /robots.txt HTTP/1.0" 404 277 "-" "http://www.almaden.ibm.com/cs/crawler [fc8]"
66.147.154.3 - - [30/Jun/2005:21:14:52 -0400] "GET / HTTP/1.0" 200 6453 "-" "http://www.almaden.ibm.com/cs/crawler [fc8]"
66.249.71.42 - - [30/Jun/2005:23:42:18 -0400] "GET /robots.txt HTTP/1.0" 404 277 "-" "Googlebot/2.1 (+http://www.google.com/bot.html)"
66.249.71.42 - - [30/Jun/2005:23:42:19 -0400] "GET / HTTP/1.0" 200 6453 "-" "Googlebot/2.1 (+http://www.google.com/bot.html)"
68.142.251.146 - - [30/Jun/2005:23:46:55 -0400] "GET /robots.txt HTTP/1.0" 404 277 "-" "Mozilla/5.0 (compatible; Yahoo! Slurp; http://help.yahoo.com/help/us/ysearch/slurp)"
68.142.249.148 - - [30/Jun/2005:23:46:55 -0400] "GET /buttons%20page/Button%20Samples/lg%20buttons/wolf.html HTTP/1.0" 200 1328 "-" "Mozilla/5.0 (compatible; Yahoo! Slurp; http://help.yahoo.com/help/us/ysearch/slurp)"
66.249.64.35 - - [01/Jul/2005:00:05:19 -0400] "GET / HTTP/1.0" 200 6453 "-" "Googlebot/2.1 (+http://www.google.com/bot.html)"
66.249.64.37 - - [01/Jul/2005:01:13:38 -0400] "GET /robots.txt HTTP/1.0" 404 277 "-" "Googlebot/2.1 (+http://www.google.com/bot.html)"
